undreds digit of o?
2
Suppose 58*p - 669013 = -103861. What is the thousands digit of p?
9
Let o be 32 + (-4 - -4) + 2. Let s = o - 29. Suppose -s*y + 2*y = -198. What is the tens digit of y?
6
What is the tens digit of (-34 - 1)*30657/(-231)?
4
What is the units digit of ((-979)/(-22))/(1/1524)?
8
Let i = -28 - -28. Suppose i = t - 2, -1327 = -3*c + 4*t. What is the units digit of c/2*8/10?
8
Let q = -2264 + 4403. Suppose -12*n + 2469 + q = 0. What is the units digit of n?
4
Let w(u) = 861*u**2 + 59*u - 102. What is the thousands digit of w(2)?
3
Let m = 29902 - 17242. What is the thousands digit of m?
2
Suppose -19*i + 79460 = 16*i - 30*i. What is the tens digit of i?
9
Suppose -605*q = -582*q - 39522 - 751747. What is the thousands digit of q?
4
What is the hundreds digit of 2787/(-2)*(-46)/69?
9
Let r(t) = 52*t - 32. Let m be r(-2). What is the hundreds digit of 1/(-3) + m/24 - -191?
1
Let m(r) = -3*r**2 + 1 + 139*r + 2*r**2 + 3*r**2 - 142*r. What is the hundreds digit of m(-18)?
7
Suppose 5*f = 3*v + 18, -3*v + 0*v = -f + 6. Let u be (33/(-44))/(v/4). Suppose 2*h = u*h - 94. What is the tens digit of h?
9
Suppose -16*m + 10 = -6*m. What is the units digit of 272 + ((5 - 1)*m - 6)?
0
Suppose 0 = -w + 3*q + 6, 2*w - 2*q - 11 = 3*q. What is the tens digit of ((-747)/(-12))/(w/12)?
4
Suppose -3*b - 654 = -57*t + 54*t, 5*t = -3*b + 1114. What is the hundreds digit of t?
2
Let y(g) = g + 19. Let u be y(-16). Suppose -u*q = 94 - 106. What is the hundreds digit of (-770)/33*(-18)/q?
1
Suppose -226*p - 59*p = -47*p - 1033634. What is the units digit of p?
3
Let l = -6043 + 13852. What is the tens digit of l?
0
Suppose 19*l + 2*m - 251112 = 9*l, -125538 = -5*l + 2*m. What is the units digit of l?
0
Let p(t) be the second derivative of -t**3/2 - 3*t**2 + 33*t + 1. What is the units digit of p(-5)?
9
Let h(d) = 2*d**2 + 56*d + 8. Let a be h(-28). Suppose a*c - 2150 = 762. What is the tens digit of c?
6
Let j(r) = 597*r + 4 + 516*r - 193*r - 13. What is the hundreds digit of j(1)?
9
Let z(j) = j**3 + 43*j**2 + 65*j - 167. What is the hundreds digit of z(-39)?
3
Let d(p) be the first derivative of 437*p**3/3 + 5*p**2/2 + 5*p - 73. What is the hundreds digit of d(-1)?
4
Let s(h) = 314*h**2 - 67*h - 310. What is the units digit of s(-6)?
6
Let g(i) = 4*i**2 - 15*i - 14. Let t(x) = 10*x**2 - 50 - x**2 + 4*x**2 - 46*x + 8. Let d(j) = 7*g(j) - 2*t(j). What is the units digit of d(10)?
6
Let i = -71 + 96. Let y(m) = m**3 - 26*m**2 + 26*m + 5. Let o be y(i). Suppose -9*a + o = -8*a. What is the tens digit of a?
3
What is the units digit of (-9 - 53)/(15/(-6720))?
6
Suppose 75*g = 122*g - 168426 - 323006. What is the ten thousands digit of g?
1
Let f = 17298 + 3694. What is the units digit of f?
2
Let z(j) = -93*j + 11 + 88*j + 6 - 3. Let o be z(6). Let q = o - -51. What is the tens digit of q?
3
Suppose 4*v - 85 - 39 = 0. Let x = -22 + v. Suppose k - 4*i = 23, k - x = -5*i + 5. What is the units digit of k?
9
Let x = 5 - -420. Suppose n - 47 = -t + x, 2*t + 1858 = 4*n. What is the tens digit of n?
6
Suppose 5*j + 3*n - 40 = -2*n, -n + 28 = 5*j. Suppose 9 = -j*a - 6. Let x(p) = -p**3 - p**2 - 3*p + 1. What is the units digit of x(a)?
8
What is the hundreds digit of 6/18 + (-10)/(30/(-51731))?
2
Let o = 31457 + -19204. What is the hundreds digit of o?
2
Suppose -2*d - 3*o + 113190 = 0, 5*d + 11*d = -2*o + 905520. What is the units digit of d?
5
Let o = -122 - -126. Suppose r = -o*r + 1995. What is the units digit of r?
9
Let r be (-29)/116 - 11458/(-8). Suppose r - 4741 = -3*a. What is the hundreds digit of a?
1
Let c(f) = 34*f - 16. Let k be c(15). Suppose 4*g - 2*j - k = 0, -4*g + 4*j + 814 - 322 = 0. Suppose -g = -3*w - 70. What is the tens digit of w?
1
Suppose 2*l - 4*j - 110 = -3*j, -5*l = 5*j - 275. Suppose 54*y - l*y + 62 = 0. What is the tens digit of y?
6
Suppose 19*j - 2*w + 128 = 21*j, 2*j + 3*w - 126 = 0. Suppose 2*s - s = 970. Suppose 7*g - j = s. What is the units digit of g?
8
Let x = -859 + 1595. Let s = x + -425. What is the hundreds digit of s?
3
Suppose 9*a + 5736 - 26966 = 36622. What is the tens digit of a?
2
Let q(v) = -4*v**3 - 37*v**2 - 34*v + 426. What is the units digit of q(-28)?
8
Let d be 3/(((-10)/6)/5). Let p(n) = -n**3 + n**2 + 8*n - 35. What is the hundreds digit of p(d)?
7
Suppose 3*j = -2*j + 15. Suppose 5*p = 8*p - z + 1, 0 = p - j*z + 3. Let a(x) = x**3 - x**2 + x + 107. What is the units digit of a(p)?
7
What is the units digit of (-11)/((-77)/173904) + (-6)/14?
3
Let x be ((-65)/(-20) + -4)*-12 - 4. Suppose 3*r - 2*a - 597 = 0, -4*r + x*a + 558 = -231. What is the tens digit of r?
0
Let k be (1 + (-9)/5)/(6/30). Let s(m) = -m**3 + 3*m**2 + 20*m - 4. What is the tens digit of s(k)?
2
Suppose -i - 7*a + 283 = -2*a, -2*i + 539 = a. What is the tens digit of i?
6
What is the hundreds digit of 5/4*322*(-1152)/(-180)?
5
Let x(d) = 5*d**3 + 21*d**2 + 2*d - 4. Let j be x(-4). Suppose -j*f + 1206 = -206. Let r = 495 - f. What is the tens digit of r?
4
Let v = -35 + -67. Let c = v - -114. What is the tens digit of ((c + -4)/(-4))/((-2)/37)?
3
Let q(w) = -w**3 + 4*w**2 - w - 3. Let p be q(3). Suppose 0 = -5*u - 25, -p*i + 5*u + 838 = -0*i. What is the hundreds digit of i?
2
Let a = 1994 + -949. Suppose 0 = -4*x + 4, 5*c - a = 5*x + 765. What is the tens digit of c?
6
Suppose -3*c + 5 + 13 = 0. Suppose 7830 = 9*m + c*m. What is the tens digit of m?
2
Let h = 5789 - 1765. What is the thousands digit of h?
4
Let y(j) = 2*j**2 - 46*j + 21. Let a be y(23). Suppose -23*z = -a*z - 8. Suppose 3*o + 316 = 5*o + z*c, 4*o - 617 = -5*c. What is the hundreds digit of o?
1
Suppose -14*z = 3*b - 12*z - 8, 0 = -4*b + 5*z + 3. Suppose -5*j + 5*v = -2385 - 2510, b*j + 2*v = 1958. What is the tens digit of j?
7
Let s(u) = 9*u - 166. Let q be s(16). Let m(p) = p**3 + 21*p**2 - 32*p - 59. What is the tens digit of m(q)?
6
Suppose 11*i - 7*i - 3*o = 0, 0 = -2*i + 4*o - 10. Suppose 4*h - u = 7*h - 579, -i*h - 4*u = -570. What is the units digit of h?
4
Suppose 6*z + 11792 = -16*z. Let t = z + 548. What is the units digit of t?
2
Let s(n) be the third derivative of n**4/24 + 2*n**3/3 + 17*n**2. Let h be s(-4). What is the tens digit of ((-60)/50)/(2/(-25) - h)?
1
Let u = -209 - -605. Suppose 4*p - k = -0*k + 513, u = 3*p + 3*k. What is the units digit of p?
9
Suppose 451*k - 203*k - 10528 = 220*k. What is the tens digit of k?
7
Suppose -3124 = -2*o + 5853 + 7157. What is the thousands digit of o?
8
Let n(b) = 2*b**2 - 15*b + 35. Suppose -5*t = -6*t + 21. What is the units digit of n(t)?
2
Suppose 105*n - 3148740 = -140*n. What is the tens digit of n?
5
Let d(u) = -u**2 + u. Let l(h) = -h**2 + h - 33. Let s(m) = -3*d(m) + l(m). What is the units digit of s(13)?
9
Let n(y) = 203*y**2 - y + 1. Let r = -55 - -56. What is the hundreds digit of n(r)?
2
Suppose x + 4 = u, 5*u = 2*x + 4*u + 10. Let q be ((-2)/(-2) - 17)*3/x. What is the hundreds digit of 20/q*(-1480)/(-25)?
1
Suppose 79*f - 72 = 71*f. Let k(w) = w**3 - 3*w**2 - 13*w - 1. What is the units digit of k(f)?
8
Let b be 6/(-4)*8/12. Let g be 2/((-24)/(-2763)) - b/(-4). Suppose -2*f - g = -2*z - z, -385 = -5*z + 5*f. What is the units digit of z?
6
Let c(u) = 4*u**2 - 7. Let l be c(2). Suppose l*p = 23*p - 980. What is the tens digit of p?
7
What is the units digit of (2176/48 - 13)*1284?
6
Let p(o) be the third derivative of o**6/120 - o**5/20 + o**3/3 - 14*o**2. Let j be p(3). Suppose 0 = 4*h - j - 86. What is the tens digit of h?
2
Let p = 5086 - -13276. What is the ten thousands digit of p?
1
Suppose 2*x = 11*d - 8*d - 42907, 2*d - 28603 = 3*x. What is the hundreds digit of d?
3
Let t = -2398 + 7961. What is the tens digit of t?
6
Suppose 0 = -4*s - 6*f + 2*f + 172, 0 = s - f - 51. Let m = 6845 - 6773. Let r = m + s. What is the tens digit of r?
1
Let a be 15 - (0 - (-7 + 3)). Suppose -30*h + 10455 = a*h. What is the units digit of h?
5
Suppose 0 = -3*z - 5*a + 173, -4*z - a + 6*a = -289. Let m = z + 161. Let s = m + -126. What is the units digit of s?
1
Suppose -4*t = -16, 2*i + 3*t - 4182 = -0*i. Suppose -2605 = -5*n + d, 10*d - 9*d + i = 4*n. What is the hundreds digit of n?
5
Let k be 9 - (-5 - (-66)/6). Suppose -2063 = -5*n + 2*g, 5*n - 2*n - k*g - 1245 = 0. What is the units digit of n?
1
